{"id":308,"date":"2021-05-18T11:22:46","date_gmt":"2021-05-18T14:22:46","guid":{"rendered":"http:\/\/humanismo.ufrrj.br\/?page_id=308"},"modified":"2021-05-29T14:17:47","modified_gmt":"2021-05-29T17:17:47","slug":"page-daccueil","status":"publish","type":"page","link":"https:\/\/humanismo.ufrrj.br\/?page_id=308&lang=fr","title":{"rendered":"Page d&#8217;accueil"},"content":{"rendered":"<p><img loading=\"lazy\" decoding=\"async\" class=\"wp-image-134 size-full aligncenter\" src=\"http:\/\/r1.ufrrj.br\/humanismo\/wp-content\/uploads\/2018\/02\/capa.png\" alt=\"\" width=\"882\" height=\"801\" srcset=\"https:\/\/humanismo.ufrrj.br\/wp-content\/uploads\/2018\/02\/capa.png 882w, https:\/\/humanismo.ufrrj.br\/wp-content\/uploads\/2018\/02\/capa-300x272.png 300w, https:\/\/humanismo.ufrrj.br\/wp-content\/uploads\/2018\/02\/capa-768x697.png 768w, https:\/\/humanismo.ufrrj.br\/wp-content\/uploads\/2018\/02\/capa-600x545.png 600w\" sizes=\"auto, (max-width: 882px) 100vw, 882px\" \/><\/p>\n<p style=\"text-align: left;\">La v\u00e9rit\u00e9 comme lumi\u00e8re \u00e9tant d\u00e9shabill\u00e9e par la Raison et par la Philosophie. La religion g\u00eane la d\u00e9nudation, mais n&#8217;emp\u00eache pas que la v\u00e9rit\u00e9 illumine plusieurs savoirs, y compris, et surtout, les arts.<\/p>\n<p style=\"text-align: left;\">(D\u00e9tail du frontispice de l&#8217;<em>Encyclop\u00e9die<\/em><i><\/i>\u00a0de 1772, dessin\u00e9 par Charles-Nicolas Cochin et grav\u00e9 par Bonaventure-Louis Pr\u00e9vost)<\/p>\n","protected":false},"excerpt":{"rendered":"<p>La v\u00e9rit\u00e9 comme lumi\u00e8re \u00e9tant d\u00e9shabill\u00e9e par la Raison et par la Philosophie. La religion g\u00eane la d\u00e9nudation, mais n&#8217;emp\u00eache pas que la v\u00e9rit\u00e9 illumine plusieurs savoirs, y compris, et surtout, les arts. (D\u00e9tail du frontispice de l&#8217;Encyclop\u00e9die\u00a0de 1772, dessin\u00e9 par Charles-Nicolas Cochin et grav\u00e9&nbsp;<a class=\"read-more\" href=\"https:\/\/humanismo.ufrrj.br\/?page_id=308&#038;lang=fr\">&hellip;<\/a><\/p>\n","protected":false},"author":1,"featured_media":0,"parent":0,"menu_order":0,"comment_status":"closed","ping_status":"closed","template":"","meta":{"footnotes":""},"class_list":["post-308","page","type-page","status-publish","hentry"],"_links":{"self":[{"href":"https:\/\/humanismo.ufrrj.br\/index.php?rest_route=\/wp\/v2\/pages\/308","targetHints":{"allow":["GET"]}}],"collection":[{"href":"https:\/\/humanismo.ufrrj.br\/index.php?rest_route=\/wp\/v2\/pages"}],"about":[{"href":"https:\/\/humanismo.ufrrj.br\/index.php?rest_route=\/wp\/v2\/types\/page"}],"author":[{"embeddable":true,"href":"https:\/\/humanismo.ufrrj.br\/index.php?rest_route=\/wp\/v2\/users\/1"}],"replies":[{"embeddable":true,"href":"https:\/\/humanismo.ufrrj.br\/index.php?rest_route=%2Fwp%2Fv2%2Fcomments&post=308"}],"version-history":[{"count":4,"href":"https:\/\/humanismo.ufrrj.br\/index.php?rest_route=\/wp\/v2\/pages\/308\/revisions"}],"predecessor-version":[{"id":358,"href":"https:\/\/humanismo.ufrrj.br\/index.php?rest_route=\/wp\/v2\/pages\/308\/revisions\/358"}],"wp:attachment":[{"href":"https:\/\/humanismo.ufrrj.br\/index.php?rest_route=%2Fwp%2Fv2%2Fmedia&parent=308"}],"curies":[{"name":"wp","href":"https:\/\/api.w.org\/{rel}","templated":true}]}}

<p><img loading="lazy" decoding="async" class="wp-image-134 size-full aligncenter" src="http://r1.ufrrj.br/humanismo/wp-content/uploads/2018/02/capa.png" alt="" width="882" height="801" srcset="https://humanismo.ufrrj.br/wp-content/uploads/2018/02/capa.png 882w, https://humanismo.ufrrj.br/wp-content/uploads/2018/02/capa-300x272.png 300w, https://humanismo.ufrrj.br/wp-content/uploads/2018/02/capa-768x697.png 768w, https://humanismo.ufrrj.br/wp-content/uploads/2018/02/capa-600x545.png 600w" sizes="auto, (max-width: 882px) 100vw, 882px" /></p>
<p style="text-align: left;">La vérité comme lumière étant déshabillée par la Raison et par la Philosophie. La religion gêne la dénudation, mais n&#8217;empêche pas que la vérité illumine plusieurs savoirs, y compris, et surtout, les arts.</p>
<p style="text-align: left;">(Détail du frontispice de l&#8217;<em>Encyclopédie</em><i></i> de 1772, dessiné par Charles-Nicolas Cochin et gravé par Bonaventure-Louis Prévost)</p>

<p>La vérité comme lumière étant déshabillée par la Raison et par la Philosophie. La religion gêne la dénudation, mais n&#8217;empêche pas que la vérité illumine plusieurs savoirs, y compris, et surtout, les arts. (Détail du frontispice de l&#8217;Encyclopédie de 1772, dessiné par Charles-Nicolas Cochin et gravé&nbsp;<a class="read-more" href="https://humanismo.ufrrj.br/?page_id=308&#038;lang=fr">&hellip;</a></p>
