{"id":19,"date":"2018-02-20T14:57:22","date_gmt":"2018-02-20T17:57:22","guid":{"rendered":"http:\/\/r1.ufrrj.br\/humanismo\/?page_id=19"},"modified":"2018-03-13T16:38:42","modified_gmt":"2018-03-13T19:38:42","slug":"blog","status":"publish","type":"page","link":"https:\/\/humanismo.ufrrj.br\/","title":{"rendered":"P\u00e1gina inicial"},"content":{"rendered":"<p><img loading=\"lazy\" decoding=\"async\" class=\"wp-image-134 size-full aligncenter\" src=\"http:\/\/r1.ufrrj.br\/humanismo\/wp-content\/uploads\/2018\/02\/capa.png\" alt=\"\" width=\"882\" height=\"801\" srcset=\"https:\/\/humanismo.ufrrj.br\/wp-content\/uploads\/2018\/02\/capa.png 882w, https:\/\/humanismo.ufrrj.br\/wp-content\/uploads\/2018\/02\/capa-300x272.png 300w, https:\/\/humanismo.ufrrj.br\/wp-content\/uploads\/2018\/02\/capa-768x697.png 768w, https:\/\/humanismo.ufrrj.br\/wp-content\/uploads\/2018\/02\/capa-600x545.png 600w\" sizes=\"auto, (max-width: 882px) 100vw, 882px\" \/><\/p>\n<p style=\"text-align: left;\">A verdade como luz sendo despida pela Raz\u00e3o e pela Filosofia. A religi\u00e3o dificulta o desvelamento, mas n\u00e3o impede que a verdade ilumine v\u00e1rios saberes, inclusive e principalmente as artes.<\/p>\n<p style=\"text-align: left;\">(Detalhe do frontisp\u00edcio da <em>Encyclop\u00e9die<\/em><i><\/i>\u00a0de 1772, desenhado por Charles-Nicolas Cochin e gravado por Bonaventure-Louis Pr\u00e9vost)<\/p>\n","protected":false},"excerpt":{"rendered":"<p>A verdade como luz sendo despida pela Raz\u00e3o e pela Filosofia. A religi\u00e3o dificulta o desvelamento, mas n\u00e3o impede que a verdade ilumine v\u00e1rios saberes, inclusive e principalmente as artes. (Detalhe do frontisp\u00edcio da Encyclop\u00e9die\u00a0de 1772, desenhado por Charles-Nicolas Cochin e gravado por Bonaventure-Louis Pr\u00e9vost)<\/p>\n","protected":false},"author":1,"featured_media":0,"parent":0,"menu_order":0,"comment_status":"closed","ping_status":"closed","template":"","meta":{"footnotes":""},"class_list":["post-19","page","type-page","status-publish","hentry"],"_links":{"self":[{"href":"https:\/\/humanismo.ufrrj.br\/index.php?rest_route=\/wp\/v2\/pages\/19","targetHints":{"allow":["GET"]}}],"collection":[{"href":"https:\/\/humanismo.ufrrj.br\/index.php?rest_route=\/wp\/v2\/pages"}],"about":[{"href":"https:\/\/humanismo.ufrrj.br\/index.php?rest_route=\/wp\/v2\/types\/page"}],"author":[{"embeddable":true,"href":"https:\/\/humanismo.ufrrj.br\/index.php?rest_route=\/wp\/v2\/users\/1"}],"replies":[{"embeddable":true,"href":"https:\/\/humanismo.ufrrj.br\/index.php?rest_route=%2Fwp%2Fv2%2Fcomments&post=19"}],"version-history":[{"count":14,"href":"https:\/\/humanismo.ufrrj.br\/index.php?rest_route=\/wp\/v2\/pages\/19\/revisions"}],"predecessor-version":[{"id":222,"href":"https:\/\/humanismo.ufrrj.br\/index.php?rest_route=\/wp\/v2\/pages\/19\/revisions\/222"}],"wp:attachment":[{"href":"https:\/\/humanismo.ufrrj.br\/index.php?rest_route=%2Fwp%2Fv2%2Fmedia&parent=19"}],"curies":[{"name":"wp","href":"https:\/\/api.w.org\/{rel}","templated":true}]}}

Página inicial

<p><img loading="lazy" decoding="async" class="wp-image-134 size-full aligncenter" src="http://r1.ufrrj.br/humanismo/wp-content/uploads/2018/02/capa.png" alt="" width="882" height="801" srcset="https://humanismo.ufrrj.br/wp-content/uploads/2018/02/capa.png 882w, https://humanismo.ufrrj.br/wp-content/uploads/2018/02/capa-300x272.png 300w, https://humanismo.ufrrj.br/wp-content/uploads/2018/02/capa-768x697.png 768w, https://humanismo.ufrrj.br/wp-content/uploads/2018/02/capa-600x545.png 600w" sizes="auto, (max-width: 882px) 100vw, 882px" /></p>
<p style="text-align: left;">A verdade como luz sendo despida pela Razão e pela Filosofia. A religião dificulta o desvelamento, mas não impede que a verdade ilumine vários saberes, inclusive e principalmente as artes.</p>
<p style="text-align: left;">(Detalhe do frontispício da <em>Encyclopédie</em><i></i> de 1772, desenhado por Charles-Nicolas Cochin e gravado por Bonaventure-Louis Prévost)</p>

<p>A verdade como luz sendo despida pela Razão e pela Filosofia. A religião dificulta o desvelamento, mas não impede que a verdade ilumine vários saberes, inclusive e principalmente as artes. (Detalhe do frontispício da Encyclopédie de 1772, desenhado por Charles-Nicolas Cochin e gravado por Bonaventure-Louis Prévost)</p>
